Let s = 200 + -180. Suppose 1680 = -13*l + s*l. What is the tens digit of l?
4
Suppose 33*w - 1253590 = 683642. What is the ten thousands digit of w?
5
Let x be (-494)/12 - 2/(-12). Let f = -36 - x. Suppose 4 = -z + f*q + 87, 4*z - 313 = q. What is the tens digit of z?
7
Suppose -x - 241*b = -246*b - 761, -3*x - 5*b + 2323 = 0. What is the hundreds digit of x?
7
Suppose -l + 27 = 10*n - 6*n, 2*n = 3*l + 17. Suppose -3322 = -n*u + 122. What is the hundreds digit of u?
4
Let s = 3594 - 679. What is the thousands digit of s?
2
Let l(r) = -91*r + 4479. What is the hundreds digit of l(0)?
4
Suppose 2*w - 65439 = -3*g, -5*w + g = -3*g - 163609. What is the units digit of w?
1
Let h be -2 + (-2 - 1) + 3 + -137. Let p(z) = -30*z - 19. Let y be p(-8). Let k = y + h. What is the tens digit of k?
8
Suppose 197 = 8*q - 315. Let r(n) = -q + n - 19*n - 3. What is the tens digit of r(-7)?
5
What is the hundreds digit of (3/45*69738)/(4/10)?
6
Suppose -2*b = 4*o - 0*o - 6, -4*b - 27 = -5*o. Suppose -v = -k - 4*v + o, 28 = -4*k - 2*v. Let a(i) = -18*i + 29. What is the tens digit of a(k)?
9
Suppose 135 = 10*a - 7*a. Let v(j) = -9*j - 17*j + 4*j - 2*j - a. What is the units digit of v(-7)?
3
Suppose 233 = 5*p - 4*w, 5*p = 4*p - 2*w + 55. Let q = -2296 - -2270. Let l = q + p. What is the units digit of l?
3
Let d(w) = 541*w**2 - 101*w + 469. What is the tens digit of d(6)?
3
Suppose -4*v + 6*q - 2*q = 0, 5*q - 24 = -v. Suppose 0 = 3*s + 2*s - 2*r - 304, 12 = v*r. Let i = s + -35. What is the tens digit of i?
2
Suppose 2*w - 5*r + 55 = -3*w, 5*w = 4*r - 52. Let i(l) = l + 20. Let b be i(w). What is the units digit of b/7 - 12/(-42)?
2
Suppose 67*c - 220806 = 13*c. What is the hundreds digit of c?
0
Let j = -2853 + 8340. What is the units digit of j?
7
Suppose 8421 - 601 = 5*a. What is the tens digit of a?
6
Let s = 2978 + -2069. Suppose 3*h = -j + 572 + s, 5*h = 10. What is the tens digit of j?
7
Suppose 52 = 9*k + 34. What is the tens digit of (-1)/(k*-4) - (-81262)/656?
2
Let w(n) = -3533*n - 4514. What is the ten thousands digit of w(-5)?
1
Let a be (0 - -2) + 1 + -1. Suppose 2193*l - 16 = 2201*l. What is the units digit of (-1 - 0)*(a + (-20 - l))?
6
Let v(d) = 49*d - 312. What is the hundreds digit of v(51)?
1
Let h(k) = -12*k - 7. Let q be h(-2). Let b = 21 - q. Suppose -3*r = -2*f + 18, -3*f - 11 + b = 4*r. What is the units digit of f?
3
Suppose -1400 = 5*q - 7*q. Suppose -q = b - 15*b. What is the tens digit of b?
5
Let p = -13064 - -26536. What is the units digit of p?
2
Let v be (15 - -27)/(-7) - (0 + -18). Let x(r) = 5*r + 31. Let y(z) = -26*z - 154. Let w(f) = -14*x(f) - 3*y(f). What is the hundreds digit of w(v)?
1
Suppose 0 = -761*w + 755*w + 31764. What is the thousands digit of w?
5
Let c be ((-26)/20 + (-4)/(-8))*-45. What is the tens digit of 2038/8 - (-9)/c?
5
Suppose 5*z + 17368 = f, 2*f + 21*z = 17*z + 34750. What is the tens digit of f?
7
What is the units digit of ((-26)/416*-232)/((-1)/(-396))?
2
Suppose -8*d = 7*d. What is the tens digit of (-34 + d)/((-10)/(20 - 0))?
6
Let l(g) = g**2 - 6*g + 9. Let q be l(5). Suppose 2*r + 2 = r, 0 = -2*c - 2*r - q. Suppose c = -21*s + 13*s + 1376. What is the units digit of s?
2
Suppose n + 194 + 198 = -4*g, 3*n = 5*g - 1159. Let f = 256 + n. What is the tens digit of f/(-15)*(6 - 1)?
4
Let g(k) be the second derivative of 5*k**5/24 + k**4/8 - 5*k**3/2 + 13*k. Let r(x) be the second derivative of g(x). What is the units digit of r(2)?
3
Suppose 2*o + 9*o = 7*o + 59220. What is the units digit of o?
5
Let t be ((-10)/(-4))/((-2)/(504/(-35))). Suppose -3300 = -t*g + 12*g. What is the tens digit of g?
5
Let j = 28708 + -18151. What is the units digit of j?
7
Let b(n) = 5526*n - 3 - 5201*n - 2. What is the hundreds digit of b(1)?
3
Let a(h) = 3*h. Let s be a(4). Suppose 0 = s*c - 0*c - 36. Suppose -4*w = -c*w - 65. What is the units digit of w?
5
Let h be (20/24)/((-5)/(-30)). Suppose -h*i - 5*t = -1285, 4*i - 608 - 405 = t. What is the hundreds digit of i?
2
Let l = -1300 - -45. What is the tens digit of 6 + l/(-15) - (-2)/6?
9
What is the thousands digit of (-914732)/(-56) - 1/(-2)?
6
Let u(r) = 2*r**3 + 19*r**2 + 7*r - 28. Let w be u(-9). Let s(l) = -l**3 - 6*l**2 + 7*l + 8. What is the units digit of s(w)?
8
Suppose -6*m + 244176 - 65476 = -2*p, 0 = -3*m + 4*p + 89362. What is the units digit of m?
2
Let u(g) = -116*g - 1. Let i be u(-2). Let q = 2854 + -2970. Let j = q + i. What is the units digit of j?
5
What is the thousands digit of 29668 - (28 + -13) - 17?
9
Let t(v) = 0*v**2 + 0*v**2 - 4*v - 3*v**2 - 4*v**3 - 8*v**2. What is the tens digit of t(-4)?
9
Let f(m) = 19*m**2 + 30*m - 483. What is the hundreds digit of f(32)?
9
Suppose 0 = 6*a - 29*a - 5357 + 219717. What is the thousands digit of a?
9
What is the tens digit of (-5)/((-75)/(-280))*(-130248)/54?
2
Suppose 3908 = n + 5*i, -23*n + 20*n + 11784 = -5*i. What is the thousands digit of n?
3
Suppose -k + 0*y = -4*y - 6059, 24136 = 4*k + 4*y. What is the units digit of k?
9
Suppose j = -4*x + 5*j + 108, -3*j = 3*x - 81. Let r = 37 - x. Suppose 5*n + k = 842, 7*k - 347 = -2*n + r*k. What is the tens digit of n?
6
Suppose 0 = 24*c - 38 - 58. Suppose 2*a - 5*b = 1653, -c*a = 3*b - 7*b - 3276. What is the tens digit of a?
1
Suppose g - 1034 = -36. Let x = -263 + g. Suppose x = 5*l + 5*c, 3*l - 586 = -l - 5*c. What is the tens digit of l?
4
Suppose 215*k - 48064 = 214*k + 5*u, -2*k + 4*u = -96134. What is the hundreds digit of k?
0
What is the thousands digit of (-9544)/3*(-2445)/652?
1
Let a = 15 - 6. Let y = a + -11. What is the units digit of y/(16/10 - 2)?
5
Let f(k) = -k**2 - 30*k + 56. Let o = 5 - 28. What is the hundreds digit of f(o)?
2
Suppose -34*i + 684 = -472. Suppose i*d - 3151 = 793. What is the units digit of d?
6
Suppose y + 4*w + 1783 = 9857, 16139 = 2*y - w. What is the tens digit of y?
7
Let q = -2493 + 2936. What is the hundreds digit of q?
4
Let b = 86583 + -59359. What is the hundreds digit of b?
2
Let p(z) = 116*z**2 - 8*z + 1. Let b be p(1). Suppose -2*a + b = -299. What is the tens digit of a?
0
Suppose 366754 = 8*c + 5*d - 46780, d = -3*c + 155077. What is the tens digit of c?
9
Let z(r) = 126*r**2 + 8*r - 11. Let q(d) = 5*d - 38. Let c be q(8). What is the hundreds digit of z(c)?
5
What is the tens digit of 62005/35 - 16/28?
7
Let v(m) be the first derivative of -9*m**4/4 - 8*m**3/3 + 6*m**2 + 21*m - 17. What is the hundreds digit of v(-4)?
4
What is the ten thousands digit of 12 - (-289627)/(-13 + 26)?
2
Let v = 149 - 152. What is the tens digit of ((-1108)/v)/((-66)/(-99))?
5
Let n(f) = -2*f**3 + 2*f**3 - 3*f - 2*f**3 - 2. Suppose 335*i = 327*i - 24. What is the units digit of n(i)?
1
Let v be 6 + 2955/(-21) + 6/(-21). Let c = v + 354. What is the units digit of c?
9
Let x be 1 - (-16 + -4 + 5). Let k(w) = -x + 24 + 2*w**2 + 4 - 2*w. What is the tens digit of k(0)?
1
Let r(u) = 583*u + 542. What is the units digit of r(98)?
6
What is the tens digit of 1296/3*2754/36?
4
Suppose -26470 = -5*j - 2*g, -18757 = -5*j - 4*g + 7723. Suppose -3*f = 3*s - 6*f - 3177, -2*f = -5*s + j. What is the units digit of s?
8
Let p = -74 - -329. Let a = p + 578. What is the tens digit of a?
3
Let o = -96 - -75. Let p(i) = -i**3 - 19*i**2 + 42*i + 5. Let x be p(o). Suppose -2*f = -x*s + 443, 2*s + 0*s - 180 = -2*f. What is the tens digit of s?
8
Suppose 0 = -145*f + 126*f + 35207. What is the thousands digit of f?
1
Suppose -9 = -5*a + 26. Suppose 0*y = -a*y + 385. What is the tens digit of y?
5
Let r(y) be the third derivative of -y**4/6 - 13*y**3/6 + y**2. Suppose 3*w + 20 = a, -89*w + 4*a + 18 = -91*w. What is the tens digit of r(w)?
1
Suppose 0 = -75*h + 85*h - 30. Suppose h*f = 5*x - 84, 2*x - 15*f + 11*f = 28. What is the tens digit of x?
1
Suppose -210062 = -80*m - 77182. What is the tens digit of m?
6
Suppose -4*f = -2*d + 14934 + 13084, 2*d - 5*f = 28025. What is the hundreds digit of d?
9
Let o(m) = -m**3 + 5*m**2 + 14*m. Let g be o(7). Suppose h - 3*f = 276, g = -2*h + 2*f + 165 + 403. Suppose -h = -6*k + 324. What is the tens digit of k?
0
Suppose -5*o - 4456 = -4*b, 0 = -b + 2*o + 1332 - 221. Let n = b + -683. Suppose 8*v - n - 92 = 0. What is the units digit of v?
6
Suppose -u = u + 54. Suppose 3*a - 3*s = -s - 118, -a = 5